
What is 4d6 (base 16) in base 5?
14423
What is -3c90 (base 14) in base 7?
-43140
What is -13010100 (base 4) in base 15?
-8899
Convert -7f2 (base 16) to base 15.
-909
Convert -2085 (base 14) to base 2.
-1010111100101
1606 (base 10) to base 13
967
Convert 160a (base 11) to base 5.
31232
What is 12678 (base 11) in base 10?
18114
2243 (base 5) to base 11
274
Convert -45648 (base 10) to base 3.
-2022121200
-670 (base 8) to base 14
-236
What is 52455 (base 9) in base 14?
c8a1
Convert -496 (base 13) to base 4.
-30133
What is e03 (base 15) in base 4?
301101
Convert 101101000111011 (base 2) to base 14.
85bd
Convert 333031 (base 5) to base 2.
10110101111001
-7547 (base 8) to base 7
-14332
What is -12150 (base 6) in base 9?
-2413
What is -100333 (base 5) in base 14?
-125c
Convert 9630 (base 10) to base 4.
2112132
Convert 110101010011010 (base 2) to base 15.
8145
-1100100011100011 (base 2) to base 10
-51427
-579 (base 10) to base 8
-1103
Convert -25644 (base 7) to base 10.
-6843
Convert 22552 (base 10) to base 11.
15a42
What is -33230 (base 5) in base 2?
-100100001011
Convert -2798a (base 12) to base 3.
-2210101221
Convert -652f (base 16) to base 11.
-18509
101022 (base 4) to base 5
13343
Convert -10055 (base 9) to base 7.
-25163
Convert -e0 (base 15) to base 13.
-132
Convert 230 (base 4) to base 6.
112
10323 (base 4) to base 8
473
What is -2213 (base 6) in base 3?
-201000
What is 175004 (base 8) in base 10?
64004
What is 133224 (base 6) in base 8?
30160
What is -264 (base 9) in base 6?
-1004
Convert -516 (base 8) to base 13.
-1c9
What is -5441 (base 9) in base 3?
-12111101
Convert 10a15 (base 11) to base 13.
72b7
-124 (base 8) to base 6
-220
What is 1a66 (base 11) in base 16?
a35
2682 (base 11) to base 10
3478
What is -1266 (base 11) in base 13?
-997
102012 (base 3) to base 9
365
4807 (base 14) to base 3
122012212
Convert 1101123 (base 4) to base 9.
7130
What is -1975 (base 12) in base 15?
-dc8
What is 255 (base 6) in base 14?
79
Convert 16497 (base 10) to base 3.
211122000
10001101001101001 (base 2) to base 15
1664c
Convert 3945 (base 12) to base 6.
50125
What is -1111100110101001 (base 2) in base 5?
-4021123
-958d (base 15) to base 13
-11524
What is -19aa9 (base 11) in base 14?
-a285
-2230222 (base 4) to base 14
-4054
2c3a (base 13) to base 4
1211013
10000101100 (base 2) to base 13
642
Convert 3110120 (base 4) to base 8.
32430
Convert 14133 (base 8) to base 13.
2ab8
a32 (base 15) to base 10
2297
Convert 1110000 (base 3) to base 14.
553
418 (base 16) to base 9
1384
What is -2551 (base 9) in base 16?
-775
110201 (base 5) to base 15
11d6
What is 192c (base 15) in base 5?
133232
What is 2734a (base 12) in base 4?
31030222
-36754 (base 8) to base 14
-5ac4
1023 (base 9) to base 14
3b8
Convert -101001101011 (base 2) to base 6.
-20203
1124 (base 9) to base 14
436
What is 341 (base 6) in base 3?
11221
What is 1041 (base 5) in base 14?
a6
Convert 2213 (base 5) to base 13.
1a9
What is 1000222220 (base 3) in base 7?
113334
10022022102 (base 3) to base 11
44a0a
12000012 (base 3) to base 10
3650
Convert -1c9 (base 14) to base 11.
-30a
What is -1164 (base 7) in base 11?
-369
112511 (base 6) to base 2
10010111011011
What is -33243 (base 7) in base 2?
-10000010101001
What is -cbb (base 13) in base 2?
-100010000110
6403 (base 7) to base 12
1381
-1982 (base 14) to base 10
-4622
What is 12d (base 14) in base 7?
456
105233 (base 6) to base 9
13243
313 (base 12) to base 9
546
24590 (base 10) to base 7
131456
What is 70163 (base 8) in base 2?
111000001110011
What is -6be1 (base 16) in base 7?
-143342
Convert 5c85 (base 14) to base 2.
11111100111101
What is 110011000 (base 2) in base 10?
408
906 (base 14) to base 16
6ea
What is -9326 (base 10) in base 6?
-111102
What is -19 (base 13) in base 8?
-26
Convert -3069 (base 10) to base 3.
-11012200
Convert -b26 (base 16) to base 11.
-2165
What is 20a1 (base 11) in base 9?
3721
-20031 (base 7) to base 11
-3696
1b3e (base 16) to base 7
26222
-110001110111100 (base 2) to base 6
-314112
What is 1373 (base 9) in base 15?
493
What is 60960 (base 10) in base 5?
3422320
-25ab (base 16) to base 8
-22653
What is -119 (base 11) in base 5?
-1031
-1630 (base 7) to base 4
-22102
Convert 552 (base 8) to base 13.
21b
What is 63773 (base 9) in base 12?
204b6
Convert -1d8 (base 16) to base 8.
-730
Convert 2694 (base 10) to base 12.
1686
3253 (base 8) to base 15
78c
-22202122 (base 3) to base 10
-6389
Convert 5733 (base 8) to base 16.
bdb
-22632 (base 7) to base 12
-3439
What is -2245 (base 7) in base 5?
-11232
Convert -23760 (base 8) to base 16.
-27f0
101022120 (base 3) to base 9
11276
112102 (base 4) to base 16
592
Convert 46643 (base 11) to base 6.
1235403
12a2 (base 11) to base 4
122111
Convert -1222 (base 9) to base 4.
-32033
-1020 (base 10) to base 8
-1774
Convert 33333 (base 7) to base 3.
102112020
Convert -208 (base 14) to base 6.
-1504
372 (base 15) to base 14
3dc
Convert 7034 (base 8) to base 10.
3612
-254 (base 12) to base 16
-160
Convert 5c3 (base 14) to base 12.
7bb
Convert -ac2 (base 15) to base 16.
-980
Convert -3313 (base 8) to base 14.
-8c3
Convert 14a6 (base 14) to base 12.
2162
-110001001100 (base 2) to base 11
-2402
Convert 1b6 (base 14) to base 16.
164
What is 101121100 (base 3) in base 10?
7731
Convert -1246 (base 9) to base 15.
-423
What is -33100 (base 4) in base 5?
-12401
-120202 (base 4) to base 9
-2134
-13ab (base 13) to base 6
-21101
Convert 12200 (base 4) to base 16.
1a0
-252534 (base 6) to base 12
-1114a
What is 33113 (base 5) in base 10?
2283
What is -224a (base 14) in base 6?
-43310
Convert 11106 (base 11) to base 6.
202311
Convert 202221212 (base 3) to base 14.
57d4
-6063 (base 10) to base 9
-8276
36b0 (base 12) to base 10
6180
What is 11071 (base 9) in base 8?
16272
-3300 (base 10) to base 3
-11112020
Convert 2687 (base 10) to base 15.
be2
What is -39ff (base 16) in base 3?
-202100220
What is -202112 (base 3) in base 7?
-1421
-1102 (base 5) to base 10
-152
What is -13282 (base 13) in base 4?
-20230030
1a38 (base 13) to base 2
111101011110
What is 112001 (base 3) in base 9?
461
-262 (base 13) to base 11
-350
Convert 1269 (base 12) to base 3.
2212200
What is 23 (base 16) in base 12?
2b
Convert -a89 (base 12) to base 2.
-11000001001
Convert 1110010011001 (base 2) to base 11.
5556
What is 192 (base 14) in base 4?
11010
What is 102451 (base 7) in base 5?
1031400
What is 1010101001 (base 2) in base 4?
22221
Convert -201122 (base 3) to base 4.
-20102
2130313 (base 4) to base 8
23467
5230 (base 6) to base 11
974
Convert 1124 (base 5) to base 8.
244
What is -1842 (base 15) in base 7?
-21161
What is -762 (base 16) in base 13?
-b25
2217 (base 9) to base 6
11324
Convert -1312 (base 6) to base 7.
-653
What is -18e (base 15) in base 8?
-547
What is b37 (base 12) in base 11?
124a
Convert 54404 (base 6) to base 9.
11244
102102021 (base 3) to base 16
2083
What is -2011210112 (base 3) in base 10?
-42863
What is -a64a (base 13) in base 15?
-6c66
What is -10110010111 (base 2) in base 16?
-597
-25043 (base 6) to base 3
-12002000
Convert -120431 (base 6) to base 8.
-24443
-1201012210 (base 3) to base 6
-415550
-123312 (base 4) to base 3
-2110000
Convert -52a8 (base 14) to base 4.
-3132310
-401003 (base 5) to base 16
-3154
What is -2402 (base 8) in base 7?
-3511
Convert 7735 (base 11) to base 12.
5aa2
What is -1134140 (base 5) in base 14?
-7a02
What is 1122102 (base 3) in base 6?
5315
What is 26139 (base 11) in base 4?
21020313
Convert -572 (base 8) to base 13.
-231
Convert 20103 (base 4) to base 8.
1023
Convert 11436 (base 7) to base 10.
2967
-37464 (base 8) to base 7
-65113
Convert 2114 (base 7) to base 2.
1011101010
Convert -5215 (base 9) to base 15.
-11eb
Convert 5158 (base 15) to base 16.
431f
Convert dc25 (base 14) to base 4.
21102221
What is -1317 (base 9) in base 5?
-12423
What is -1010110101000010 (base 2) in base 14?
-12242
What is -156 (base 10) in base 7?
-312
Convert -13070 (base 10) to base 5.
-404240
Convert -11142 (base 8) to base 14.
-1a02
What is -642 (base 11) in base 3?
-1001121
Convert 1230231 (base 4) to base 12.
4039
-110010100010011 (base 2) to base 11
-18493
What is -361 (base 8) in base 16?
-f1
-11121 (base 4) to base 10
-345
-2a8a (base 14) to base 7
-31033
Convert -10011011 (base 2) to base 7.
-311
1642 (b